*5/60 - k**4/24 + k**3 + 219*k**2. Suppose 5*p - 2*p = 0. Calculate y(p).
6
Let h(q) = q**3 - 5*q**2 + 4*q - 1. Let t = -207 - -211. Determine h(t).
-1
Let l(c) be the third derivative of -c**4/12 + 2*c**3/3 - 16*c**2 - c. Determine l(3).
-2
Let z(u) = 4 + u - 6 - 2 - 8 - 9. Determine z(17).
-4
Let l(h) = -h - 9. Let u(r) = 5*r + 46. Let v(c) = -11*l(c) - 2*u(c). Suppose -1 = -3*d + 2. Let w be -3 - (d - (0 + -1)). What is v(w)?
2
Let o(j) = 11*j - 14. Let d(v) = -5*v + 7. Let i = 3 + 6. Let u(m) = i*d(m) + 4*o(m). Calculate u(0).
7
Let a(x) = x**2 - 12*x - 4. Let i be a(13). Let q(y) = -11*y**2 + i*y**2 + 2*y + y**2 - 1. What is q(5)?
-16
Let n be (2 - (0 - -3)) + 5. Let d = -102 - -104. Let g be 18/n - d/4. Let a(s) = 2*s - 2. Give a(g).
6
Let j(o) = -72*o**2 + 2*o + 0*o - 74*o**2 + 147*o**2. What is j(3)?
15
Let y(i) = -14 + 0 + 5 + 3 - 2*i + 9. What is y(9)?
-15
Let j = 38 - 41. Let q be 2*4/(-6)*j/2. Let n(v) = 3*v**2 - 3*v + 3. What is n(q)?
9
Let c(f) be the third derivative of f**5/30 + f**4/24 - f**3/6 + f**2. Let w be ((24 + -15)/(-9))/(-1). What is c(w)?
2
Let j(g) = 5*g - 2. Let x(z) = z + 2. Let y(f) = j(f) - 2*x(f). Let t(l) = -2*l + 4. Let h(b) = -8*t(b) - 5*y(b). Give h(-4).
-6
Let s(h) = -h**2 - 27*h + 29. Let a be s(-28). Let u(l) = 21*l**2 - l. Calculate u(a).
20
Let v be (-2)/1 + -3 + 0. Let p(u) be the first derivative of u**3/3 + 3*u**2/2 - 7*u - 24. Determine p(v).
3
Let y(g) = 6*g + 5. Suppose 16*q + 68 = -28. Calculate y(q).
-31
Let v be (-7)/((-21)/12) - -1. Let p(x) = 0*x**3 - 6 + 6*x**2 - 5*x + 4*x**3 - 5*x**3 + 2*x. Calculate p(v).
4
Let c(p) = p**2 - 3*p - 2. Let j be 1/2*(-7 + 7). Suppose j = 2*l, 5*y - 25 = -0*l + 2*l. Let d(u) = -u**3 + 4*u**2 + 5*u + 3. Let w be d(y). Calculate c(w).
-2
Let u = 11 + 56. Let x = u - 67. Let m(z) = -z**3 - z**2 - z + 2. Calculate m(x).
2
Let b = -15 - -22. Let h(q) = 41*q**2 - 8*q + 9. Let m(t) = -102*t**2 + 16*t - 18. Let r(z) = -5*h(z) - 2*m(z). Calculate r(b).
-2
Let w(b) = b + 25. Let z be w(-23). Let t(l) = 1121*l**2 - 7 - 2*l - 1120*l**z - 4*l. What is t(6)?
-7
Let f(k) be the third derivative of -k**4/8 + k**3/6 - 201*k**2. What is f(1)?
-2
Let o(r) = r**3 + 6*r**2 - 7*r - 4. Let v(d) = 15*d - 232. Let i be v(15). Calculate o(i).
-4
Let c(l) = 3*l**2. Let n be c(-1). Let w(j) = -j**2 + 3*j - n*j. Suppose -5*x = i + 20, -4*i - x = -2*x - 4. Give w(i).
0
Let v(u) = 4*u**3 - 6*u**2 - 5*u - 1. Let k(j) = 11*j**3 - 19*j**2 - 13*j - 4. Let w(b) = -3*k(b) + 8*v(b). What is w(9)?
-5
Let f(t) be the third derivative of -t**6/120 - t**5/12 + t**4/24 - 7*t**3/6 + 100*t**2. What is f(-5)?
-12
Let d(w) = -2*w - 1. Let y be 2/3*(6 + 6). Let u be (4 - y - 0)*3. Let c = u + 9. Give d(c).
5
Let h(i) = -31*i + 5. Let k(u) = -12*u - 9*u - 511 + 5*u + 514. Let j(a) = -3*h(a) + 5*k(a). What is j(-1)?
-13
Let z(j) = -13*j**3 + 4*j**2 + 8*j - 10. Let r(q) = 24*q**3 - 8*q**2 - 15*q + 19. Let t(b) = 6*r(b) + 11*z(b). Calculate t(3).
-11
Let l be -2 - 6*7/(-14). Let q(i) = 13*i**3 + 2*i**2 - i. Determine q(l).
14
Let t(f) be the second derivative of f**3/6 + 13*f**2/2 - f - 8. Determine t(-9).
4
Let r be 3/2 + 231/66. Let q(i) be the first derivative of i**3/3 - 5*i**2/2 - 2*i - 1. Let n be q(r). Let a(g) = -g**3 - 3*g**2 + 3*g + 1. Calculate a(n).
-9
Let p = -1593 + 1593. Let x(d) = -4*d + 5. Let a(b) = -7*b + 11. Let g(z) = 3*a(z) - 5*x(z). What is g(p)?
8
Let x(m) = -m. Let n be -7*((-240)/35)/4. Suppose 7*c - n = -s + 2*c, 0 = -4*s + c + 6. Determine x(s).
-2
Suppose 4*s + 3*t = -0*s + 11, 0 = 4*s + 4*t - 12. Let i be ((-2)/(-4))/((-5)/s - -3). Let v(q) = 2*q**2 - q. Give v(i).
1
Suppose -h = -5*m + 8, 0 = 2*m + m - 3*h. Let v(t) = -6 + 5*t + 1 + 3 + 0*t**m + t**2. Let d = -10 - -6. Give v(d).
-6
Let i = 18 - 15. Let m(q) = 75 - 63 - i*q + q + q. Calculate m(5).
7
Suppose 38 = -f + 36. Let a(b) = b**3 + 3*b**2 + 3*b + 3. Give a(f).
1
Let a(n) = -n**3 + 7*n**2 - 4*n - 6. Let z be a(6). Let c(o) = -3 - 2*o + z*o - 2*o + 1. Suppose -u + 3*i - 20 = -1, -4*u - 41 = -5*i. Give c(u).
-10
Let z = 348 + -345. Let n(i) = 2*i**2 + 8*i**3 - 9*i**3 - 4 + 3 + 2*i. Give n(z).
-4
Let r(t) = -t**3 + t**2 + 9*t + 3. Suppose 0 = -13*a + 88 - 36. What is r(a)?
-9
Let v(l) be the first derivative of -2*l - 22 - 1/2*l**2. Suppose 4*m - 10 = -m. Calculate v(m).
-4
Suppose 4*i - 3*n = 57, -3*i = -i - 3*n - 33. Let v = -18 + i. Let j(x) = -x**2 - 6*x + 2. Determine j(v).
2
Let u(f) = -f - 5 + 9*f + 7 - 3*f + 4. Calculate u(-3).
-9
Let z(v) = -4*v + 2. Suppose -a = -2 + 8. Let w(n) = -n. Let k(l) = a*w(l) + z(l). Let g = -61 + 55. Give k(g).
-10
Let l(f) be the first derivative of f**3/3 - 7*f**2 + 16*f + 16. Calculate l(11).
-17
Let a(c) = 9*c + 0*c**2 + 34*c + 11 - 36*c - c**2. What is a(8)?
3
Let d(l) = l**2 - 3*l - 6. Let s be d(5). Let x(c) = c - 3. Let o be x(s). Let j(h) be the second derivative of -h**5/4 + h**2/2 - 1514*h. Calculate j(o).
-4
Suppose 4*t + 2*w + 16 = 0, -t + 5*w + 13 = -2*t. Let k(d) = d - 1. Let m(r) = -r**2 - 2*r + 4. Let q(b) = 2*k(b) + m(b). What is q(t)?
-7
Suppose 5*i = 7*i. Suppose 12 = -i*d + 3*d + 3*p, -3*d + 8 = -p. Let u(w) = d*w**2 + 9*w**3 - 2 - 4*w - 6*w**3 - 2*w**3 + 0*w. Calculate u(-3).
10
Let x be ((-6)/(-15))/((-2)/20). Let q(y) = 5*y + 11*y + 44 - 20*y - 50 - y**2. Calculate q(x).
-6
Let u be (-4 - 0 - 0) + 37. Let d(z) = 2 + u*z + z**2 - 4*z - 12*z. Let p be d(-17). Let g(t) = t**2 - t + 2. Determine g(p).
4
Let z = -83 + 50. Let k be (44/z)/(2/(-6)). Let v(t) = -t - 1. What is v(k)?
-5
Let a(f) = 2*f**3 + 6*f**2 - 7*f - 9. Let h(t) = -t**3 - 3*t**2 + 4*t + 4. Let r(m) = 2*a(m) + 5*h(m). Let c be (-4 - (-36)/8)*-8. Give r(c).
-6
Let m = -5 + 4. Let b be (m - (-3 - -3))*3. Let t(v) = -3*v - 2 - 1 - v**2 + 0*v**2. Determine t(b).
-3
Let r(t) be the third derivative of -t**5/60 + 2*t**3/3 + 4*t**2 + 2. Calculate r(3).
-5
Let b(i) be the first derivative of -i**4/4 + 8*i**3/3 - 3*i**2 - 8*i + 31. Give b(6).
28
Let q(k) = -3*k**2 + 3*k - 2. Let g = -23 - -27. Suppose 4 = 4*h - g. Determine q(h).
-8
Let g = -932 + 940. Let o(s) = 2*s**3 - 15*s**2 - 9*s + 7. Give o(g).
-1
Let n(u) = u - 3. Let x = -56 - -53. Let k be ((-20)/15)/4 - 1/x. What is n(k)?
-3
Let c(m) = 3*m - 7*m - 2 + 0*m - 3*m + 9*m**2 - m**3. Let w be (-390)/(-50) - 2/(-10). Calculate c(w).
6
Suppose 3*i + 8 - 60 = -2*a, -5*a = 20. Suppose -5 = 5*t, t = 3*v + i - 60. Let x = v + -19. Let y(d) = -2*d - 5. Give y(x).
7
Let c(r) = -r**3 + r - 4. Suppose 2*s - 3*q - 9 = 0, 7*s - 3 = 6*s + q. Determine c(s).
-4
Let d(k) = 59 - k - 3*k**2 + 4*k**2 - 57. Let j = -18 - -20. What is d(j)?
4
Let j(l) = -l + 1. Suppose 5*n = 2*g + 10, 4*n - 8 - 8 = 0. Suppose g*s + 20 = s. What is j(s)?
6
Let n(b) be the first derivative of b**2/2 + 2*b + 1. Suppose 4*c - 35 = 5*k, 5*c + 3*k - 74 = -21. Suppose 3*q - 4 = -c. What is n(q)?
0
Let l(a) = -2*a**2 + 2*a + 1. Let s = 286 - 283. What is l(s)?
-11
Let v(h) = 0*h**2 - h - 4*h**2 + h**2 - h**3 - 8 + 11. Let r be v(-3). Let z(c) = 11 - 4 - r - c. What is z(2)?
-1
Suppose 3*q = -0*q + 6. Let p be 1/((-3)/3)*-7. Let w(l) = l - 3 + p*l - 4*l - 3*l**2 + 0*l. Determine w(q).
-7
Let d be (0 - -3)/(3 + 108/(-30)). Let v(k) = -k**3 - 5*k**2 + 2*k + 1. Give v(d).
-9
Let h(s) = -s**2 - 8*s + 4. Let u be h(-6). Let t = u - 7. Suppose -t = -2*b - 7. Let c(k) = -10*k**2 + k. What is c(b)?
-9
Let y(d) = -d**3 + d**2 + d. Let w(t) be the second derivative of 3*t**5/20 - 2*t**4/3 - t**3/3 - t. Let i(k) = w(k) + 4*y(k). What is i(-4)?
-8
Let i(l) = 2*l + 4*l**2 + 2*l**2 - 6*l - 5*l**2 - 7. Suppose 5*p - 79 = 4*y, -p - 77 = -6*p + 2*y. Suppose -3*q - p = -6*q. What is i(q)?
-2
Let r(n) = 6 + 21*n + 1 - 14*n + 9 - 14*n. Give r(5).
-19
Let b be -21*(4/(-36))/(3/(-9)). Let v(d) be the second derivative of -d**4/12 - 4*d**3/3 + d**2/2 + 7*d. What is v(b)?
8
Let c(t) be the first derivative of 2*t**2 + 1/3*t**3 + 25 + 2*t. Give c(-5).
7
Let j(o) = 2*o**2 + 5 - 1 + 7*o - 2 - o. Suppose 0 = l + 1 - 11. Suppose -6 = 4*n + l. Calculate j(n).
10
Suppose 15*o = 14*o + 2. Suppose a + 4 = -2*a - 5*y, 2*a - o*y = 8. Let i(s) = -1 + 0 - s + 1. What is i(a)?
-2
Let m(h) = 3*h**2 + 5*h - 14. Let a be m(-11). Let u(z) = a + 0*z**2 - z**2 - 300 - 7*z. Determine u(-7).
-6
Let f = -44 - -50. Suppose 0 = -5*c + i + f, -3*i